tor of 126 and x?
14
Let j = 34 + -17. Suppose 2*v = 3*p + 314, -2*p + 33 = 3*v - 438. Let b = v - 72. Calculate the highest common factor of j and b.
17
Let s = 21 - 26. Let c = s + 21. Let j be (0 - -20)*(-4)/(-10). Calculate the greatest common factor of j and c.
8
Suppose 0 = 3*p - 10 - 23. Suppose 5*r = -2*b + 140, -56 = -2*r + 6*b - 11*b. Let j be -2 - (4/r - 2832/28). What is the greatest common factor of p and j?
11
Suppose -108 = -5*d + 12. Let f = -17 - -30. Let s = -5 + f. Calculate the highest common divisor of d and s.
8
Let g = 52 - -25. Suppose -4*i + 3*p = -131, -2*i = -5*i - 2*p + g. Calculate the greatest common factor of 232 and i.
29
Suppose 2*x + 5*d - 41 = -14, x - d = 3. Suppose 5*w = -t + 206, w + 2*w = -2*t + 118. What is the greatest common factor of x and w?
6
Suppose -2*k = -l + 28, -4*l + 0*k = -k - 84. Calculate the greatest common factor of l and 6.
2
Let l be (-4)/2 - (2 - 2). Let f be 2 - l*(3 + -4). Suppose f = -5*g + 705 - 110. What is the greatest common divisor of g and 17?
17
Let y = 8 + -3. Suppose -4*i + 130 + 5 = 5*r, y*i + r - 153 = 0. What is the greatest common divisor of 6 and i?
6
Suppose -655 - 185 = -56*h. What is the greatest common factor of h and 645?
15
Let k = 1 - -7. Suppose k*q = 4*q. Suppose 45 + q = 3*l. What is the greatest common divisor of l and 5?
5
Suppose -y + 0*y + 45 = 0. Let g = -210 - -215. Calculate the greatest common factor of g and y.
5
Suppose 6*q - 706 - 2738 = 0. Calculate the greatest common factor of 410 and q.
82
Let w(p) = -p**3 + 3*p**2 + 3*p + 1. Let u be w(3). Let c = u - -10. Let z(v) = -v**2 + 5*v + 1. Let k be z(4). What is the greatest common divisor of k and c?
5
Let o be 12 + (1 - (2 + 2)). Suppose 0 = -2*y - 4*z - 10, 2*y - z - o = 6. Suppose 3*q = 67 + y. Calculate the highest common divisor of 16 and q.
8
Let q(c) = c**3 + 4. Let b be q(0). Suppose b*f + 5*t - 2*t = 135, 5*t = -5*f + 165. What is the highest common divisor of 12 and f?
12
Suppose 13*s + 16*s = 1479. Calculate the greatest common divisor of 204 and s.
51
Suppose 5*f - 6*f = -10. Let p = f - 3. Suppose 4*g = p*g - 390. Calculate the highest common factor of 52 and g.
26
Let m(r) = 2*r**2 - 3*r - 14. Let h be m(6). Suppose 3*c + 5*t - 39 = 2*t, -4*t - 28 = -4*c. What is the greatest common divisor of c and h?
10
Let t(f) = -f + 27. Let p be t(0). Suppose 668 = 21*a - 88. Calculate the greatest common factor of p and a.
9
Let g be 20/(-40) + 1*134/4. Suppose 4*n - 4*x + 168 = 0, -n + 5*x + 10 = 36. Let j = n + 68. What is the highest common divisor of j and g?
11
Let z(p) = -p**3 - 11*p**2 - 11*p - 4. Let f be z(-10). Let b = 17 + -10. Let j = b - -41. Calculate the greatest common divisor of j and f.
6
Let z(g) = -g**3 + 10*g**2 - 13*g - 9. Let u be z(8). Suppose -19 + 139 = s. Calculate the highest common factor of s and u.
15
Let g = 893 + -794. What is the greatest common divisor of 1584 and g?
99
Suppose v + 20 = 5*i, -v + i = 4*i - 20. Suppose -7 = 4*r + 5*a, v*r - 22 = a + 3*a. Suppose 0*y + r*y = 20. Calculate the highest common factor of 90 and y.
10
Suppose 5*v - 5*a = -100, 60 = -v - v - 3*a. Let b(i) = i + 51. Let l be b(v). Calculate the highest common divisor of l and 189.
27
Let x(d) be the third derivative of d**6/60 + 17*d**5/60 - 11*d**4/24 - d**3 + 5*d**2. Let f be x(-9). What is the greatest common divisor of f and 60?
12
Suppose 11*y = 827 + 17884. What is the greatest common factor of 63 and y?
63
Let c(o) = o - 14. Let s be c(17). Let u be (2/3)/(s/(-9)) - -22. Suppose 5*h = 17 - 7. Calculate the greatest common divisor of h and u.
2
Let g be (-16510)/(-78) - 2/(-6) - 5. Calculate the greatest common divisor of 9 and g.
9
Suppose -6 = -4*w + 6. Let v be (-6)/15 - (-32)/(-20). Let k be v/(2 - w) + 8. Calculate the highest common factor of k and 2.
2
Let o = 155 - 146. Let u be 1 - -3 - (-2)/1. Suppose 2*z + 0*z - 5*f - 12 = 0, 3*f = z - u. Calculate the greatest common divisor of o and z.
3
Let f be (-1886)/(-30) + ((-28)/15)/(-14). Calculate the greatest common divisor of 42 and f.
21
Suppose -526 = -23*i + 1889. Calculate the highest common divisor of 49 and i.
7
Suppose -2*v + 17 = -i, -20*i + 4 = -24*i. What is the highest common factor of v and 1704?
8
Let a(h) = 4*h**2 - 12*h + 28. Let n be a(7). What is the greatest common divisor of 56 and n?
28
Suppose 4*v + 1708 = 3*x, 5*x + 6*v = 2*v + 2900. Calculate the greatest common factor of x and 72.
72
Let b(v) = -v**3 + 2*v**2 + 7*v. Let z be b(5). Let q be (z/(-48))/(2/12). Let p = q - -2. Calculate the greatest common factor of p and 21.
7
Let u = -104 - -286. What is the highest common factor of u and 56?
14
Let n be 12/(4/1) + -9. Let m be 4/n - (-128)/12. Suppose -5*k + 540 = -3*f - 1, 0 = k + 2*f - 116. Calculate the highest common divisor of m and k.
10
Let f be ((-152)/(-8))/((-8)/(-24)). Calculate the greatest common factor of f and 9.
3
Let y be 5 - ((-246)/5 - 2/(-10)). Calculate the highest common factor of y and 48.
6
Let z(g) = 23*g**2 + 4*g - 23. Let h be z(2). Let t = -2 + 13. What is the highest common factor of h and t?
11
Suppose -15*t + 425 = 95. Calculate the greatest common factor of 121 and t.
11
Let w = -1421 - -1437. Calculate the greatest common divisor of 208 and w.
16
Let j be ((10/4)/5)/(3/258). What is the greatest common divisor of 1849 and j?
43
Let s = 2 + 4. Suppose -396 = 6*c - 648. Calculate the greatest common divisor of s and c.
6
Suppose -4*s + 5*z = 6119, 4*s + 2*z = 4*z - 6110. Let v be (-2)/6 + s/(-42). Calculate the highest common divisor of 12 and v.
12
Suppose 149*q - 903 = 146*q. Calculate the highest common factor of 7 and q.
7
Let z be ((-7)/4)/(4/(-64)). Suppose z = 2*w - 36. Suppose 3*f + 1 = 5*f + 3*o, 4*f - w = 4*o. Calculate the highest common divisor of f and 1.
1
Let f be 3/15 - 192/(-15). Suppose -5 = 2*j - f. Calculate the greatest common divisor of 2 and j.
2
Let i be -2*((-90)/(-16))/(3/(-4)). Let r = 129 - i. Calculate the highest common factor of 6 and r.
6
Let r(b) = -b**2 + 31*b - 24. Let p be r(16). Calculate the greatest common divisor of 27 and p.
27
Let p = -223 + 227. What is the greatest common factor of 26 and p?
2
Suppose 0 = -3*g - 5*y + 27, 2*y - 7*y = -g - 11. Suppose -l - g*w - 3 - 1 = 0, 5*w - 2 = -3*l. Calculate the highest common divisor of l and 1.
1
Let g(p) be the second derivative of 5/4*p**4 + 1/20*p**5 + 2*p**2 - 8/3*p**3 + 0 + 8*p. Let l be g(-16). Calculate the greatest common divisor of l and 6.
2
Suppose -2*k + 0*i - 4*i = 10, 2*k = 4*i + 30. Suppose -6*p + k*p + 11 = 0. Let h = 162 - 63. What is the greatest common factor of p and h?
11
Let o = 268 + -249. Calculate the highest common divisor of o and 950.
19
Suppose 0*n - 22 = -2*n. Let a = -70 - -70. Suppose -5*c + 9*c - 352 = a. What is the highest common factor of c and n?
11
Let j = -110 - -155. Let r(i) = i - 13. Let u be r(13). Suppose 5*l = -u*l + 90. What is the highest common divisor of j and l?
9
Let s be (12980/8)/(-11)*12/(-5). Suppose -v = -3*u + s, 3*u = 2*v - 3*v + 360. Calculate the highest common factor of u and 7.
7
Suppose 5*n = -m + 1364, n - 3*m - 35 = 225. Calculate the highest common factor of 17 and n.
17
Let i(f) = -f**3 + 10*f**2 - 7*f + 6. Let c(r) = 9*r**3 + r**2 - 3*r + 2. Let v be c(1). Let m be i(v). What is the greatest common factor of m and 72?
24
Let m be ((-1225)/(-50))/(0 + (-2)/(-4)). Let s be (14/m)/1 - (-1860)/7. What is the greatest common factor of 14 and s?
14
Let j = 4 + -13. Let u be 0/(4 + j) + 16. What is the highest common divisor of 2 and u?
2
Suppose 200 = 3*z + z. Let a = z + -14. Let s = a + -1. What is the greatest common factor of s and 7?
7
Suppose 541 + 439 = 5*q. What is the greatest common factor of 28 and q?
28
Let g = 78 - 111. Let o be 1/(18/(-12)*2/g). Calculate the greatest common divisor of 22 and o.
11
Let c be 6/(1869/(-378) - (0 - 5)). What is the greatest common factor of c and 459?
27
Let d(i) = -23*i**2 + i + 2. Let m = 16 + -20. Let j be d(m). Let p be j/(-30) - 1/3. Calculate the highest common divisor of 4 and p.
4
Let o = -525 - -543. Calculate the greatest common factor of 288 and o.
18
Let x(q) = -q**3 - 4*q**2 + 3*q + 4. Let w(a) = -9*a + 40. Let s be w(5). Let i be x(s). Let n = 81 - 46. What is th